{"id":860,"date":"2015-12-06T12:06:26","date_gmt":"2015-12-06T11:06:26","guid":{"rendered":"http:\/\/localhost\/~gernot\/wordpress-wso\/?page_id=860"},"modified":"2017-10-05T21:24:06","modified_gmt":"2017-10-05T19:24:06","slug":"links","status":"publish","type":"page","link":"https:\/\/www.wendlandsinfonieorchester.de\/?page_id=860","title":{"rendered":"Links"},"content":{"rendered":"<style>\ndiv.table { \ndisplay: table; \nborder-collapse: collapse; width: 120%;\n}\ndiv.tr { \ndisplay:table-row; \n}\ndiv.td { \ndisplay:table-cell; \nvertical-align: top;\npadding-right: 5px;\npadding-bottom: 2ex;\n}\n<\/style>\n<div class=\"table\">\n<div class=\"tr\">\n<div class=\"td\">\n<strong>Missionarisches Zentrum Hanstedt I<\/strong><br \/>\nUnsere Probenst\u00e4tte seit Silvester 2012\/13<br \/>\n<a href=\"http:\/\/www.mz-hanstedt.de\" target=\"_blank\">www.mz-hanstedt.de<\/a>\n<\/div>\n<div class=\"td\">\n<a href=\"https:\/\/www.wendlandsinfonieorchester.de\/wp-content\/uploads\/2015\/12\/logo_mz-hanstedt.png\"><img loading=\"lazy\" decoding=\"async\" class=\"alignnone size-full wp-image-683\" src=\"https:\/\/www.wendlandsinfonieorchester.de\/wp-content\/uploads\/2015\/12\/logo_mz-hanstedt.png\" alt=\"logo mz hanstedt\" width=\"200\" height=\"130\" \/><\/a>\n<\/div>\n<\/div>\n<div class=\"tr\">\n<div class=\"td\">\n<strong>BDLO<\/strong><br \/>\nDas WSO ist Mitglied im Bund Deutscher Liebhaberorchester e.V.<br \/>\n<a href=\"http:\/\/www.bdlo.de\" target=\"_blank\">www.bdlo.de<\/a>\n<\/div>\n<div class=\"td\">\n<a href=\"https:\/\/www.wendlandsinfonieorchester.de\/wp-content\/uploads\/2015\/12\/logo_bdlo.jpg\"><img loading=\"lazy\" decoding=\"async\" class=\"alignnone size-full wp-image-683\" src=\"https:\/\/www.wendlandsinfonieorchester.de\/wp-content\/uploads\/2015\/12\/logo_bdlo.jpg\" alt=\"logo bdlo\" width=\"200\" height=\"130\" \/><\/a>\n<\/div>\n<\/div>\n<div class=\"tr\">\n<div class=\"td\">\n<strong>Campingplatz Ebstorf<\/strong><br \/>\nSch\u00f6ner, ganzj\u00e4hrig ge\u00f6ffneter Campingplatz mit mietbaren \u201eSchlaf-F\u00e4ssern\u201c<br \/>\n<a href=\"http:\/\/www.campingplatz-ebstorf.de\" target=\"_blank\">www.campingplatz-ebstorf.de<\/a>\n<\/div>\n<div class=\"td\">\n<a href=\"https:\/\/www.wendlandsinfonieorchester.de\/wp-content\/uploads\/2016\/07\/cawlogo.jpg\"><img decoding=\"async\" class=\"alignnone size-full wp-image-683\" src=\"https:\/\/www.wendlandsinfonieorchester.de\/wp-content\/uploads\/2016\/07\/cawlogo.jpg\" alt=\"logo campingplatz waldbad ebstorf\"  \/><\/a>\n<\/div>\n<\/div>\n<div class=\"tr\">\n<div class=\"td\">\n<strong>Urlaubsregion Ebstorf<\/strong><br \/>\nTourismusseite der Urlaubsregion Ebstorf, mit Suchm\u00f6glichkeit nach privaten Ferienwohnungen<br \/>\n<a href=\"http:\/\/www.urlaubsregion-ebstorf.de\" target=\"_blank\">www.urlaubsregion-ebstorf.de<\/a>\n<\/div>\n<div class=\"td\">\n<a href=\"https:\/\/www.wendlandsinfonieorchester.de\/wp-content\/uploads\/2016\/07\/logo_urlaubsregion_ebstorfpng.png\"><img decoding=\"async\" class=\"alignnone size-full wp-image-683\" src=\"https:\/\/www.wendlandsinfonieorchester.de\/wp-content\/uploads\/2016\/07\/logo_urlaubsregion_ebstorfpng.png\" alt=\"logo urlaubsregion ebstorf\"  \/><\/a>\n<\/div>\n<\/div>\n<\/div>\n","protected":false},"excerpt":{"rendered":"<p>Missionarisches Zentrum Hanstedt I Unsere Probenst\u00e4tte seit Silvester 2012\/13 www.mz-hanstedt.de BDLO Das WSO ist Mitglied im Bund Deutscher Liebhaberorchester e.V. www.bdlo.de Campingplatz Ebstorf Sch\u00f6ner, ganzj\u00e4hrig ge\u00f6ffneter Campingplatz mit mietbaren \u201eSchlaf-F\u00e4ssern\u201c www.campingplatz-ebstorf.de Urlaubsregion Ebstorf Tourismusseite der Urlaubsregion Ebstorf, mit Suchm\u00f6glichkeit nach <a class=\"more-link\" href=\"https:\/\/www.wendlandsinfonieorchester.de\/?page_id=860\">weiterlesen&#8230;<\/a><\/p>\n","protected":false},"author":27,"featured_media":0,"parent":0,"menu_order":0,"comment_status":"closed","ping_status":"closed","template":"","meta":{"footnotes":""},"class_list":["post-860","page","type-page","status-publish","hentry"],"_links":{"self":[{"href":"https:\/\/www.wendlandsinfonieorchester.de\/index.php?rest_route=\/wp\/v2\/pages\/860","targetHints":{"allow":["GET"]}}],"collection":[{"href":"https:\/\/www.wendlandsinfonieorchester.de\/index.php?rest_route=\/wp\/v2\/pages"}],"about":[{"href":"https:\/\/www.wendlandsinfonieorchester.de\/index.php?rest_route=\/wp\/v2\/types\/page"}],"author":[{"embeddable":true,"href":"https:\/\/www.wendlandsinfonieorchester.de\/index.php?rest_route=\/wp\/v2\/users\/27"}],"replies":[{"embeddable":true,"href":"https:\/\/www.wendlandsinfonieorchester.de\/index.php?rest_route=%2Fwp%2Fv2%2Fcomments&post=860"}],"version-history":[{"count":0,"href":"https:\/\/www.wendlandsinfonieorchester.de\/index.php?rest_route=\/wp\/v2\/pages\/860\/revisions"}],"wp:attachment":[{"href":"https:\/\/www.wendlandsinfonieorchester.de\/index.php?rest_route=%2Fwp%2Fv2%2Fmedia&parent=860"}],"curies":[{"name":"wp","href":"https:\/\/api.w.org\/{rel}","templated":true}]}}