{"id":621,"date":"2015-12-05T20:01:44","date_gmt":"2015-12-05T19:01:44","guid":{"rendered":"http:\/\/localhost\/~gernot\/wordpress-wso\/?page_id=621"},"modified":"2026-04-06T11:33:56","modified_gmt":"2026-04-06T09:33:56","slug":"orga-team","status":"publish","type":"page","link":"https:\/\/www.wendlandsinfonieorchester.de\/?page_id=621","title":{"rendered":"Der Vorstand"},"content":{"rendered":"<div style=\"width: 100%; padding-top: 3ex;\">\n<div style=\"width: 100%;\">\n<div style=\"float: left; padding: 0px 20px 20px 0px;\"><a href=\"wp-content\/uploads\/2015\/12\/orga_team_karin_brehm.jpg\"><img decoding=\"async\" class=\"alignnone size-full wp-image-683\" src=\"wp-content\/uploads\/2015\/12\/orga_team_karin_brehm.jpg\" alt=\"orga_team_karin_brehm\" width=\"200\" \/><\/a><\/div>\n<div style=\"float: left;\">Karin Brehm (1. Vorsitzende, hohe Streicher)<br \/>\nHannover<br \/>\n<a href=\"wp-content\/plugins\/wso-settings\/emailkarin.php\"><span class=\"e0\">x<\/span><span class=\"e0\">4<\/span><span class=\"e0\">;<\/span><span class=\"e2\">ka<\/span><span class=\"e0\">-<\/span><span class=\"e0\">1<\/span><span class=\"e0\">.<\/span><span class=\"e2\">ri<\/span><span class=\"e0\">m<\/span><span class=\"e0\">.<\/span><span class=\"e2\">n.b<\/span><span class=\"e0\">4<\/span><span class=\"e2\">reh<\/span><span class=\"e1\">m@<\/span><span class=\"e1\">gm<\/span><span class=\"e0\">v<\/span><span class=\"e0\">s<\/span><span class=\"e1\">x.d<\/span><span class=\"e0\">3<\/span><span class=\"e2\">e<\/span><\/a><\/div>\n<\/div>\n<div style=\"width: 100%; clear: both;\">\n<div style=\"float: left; padding: 0px 20px 20px 0px;\"><a href=\"wp-content\/uploads\/2015\/12\/orga_team_jochen_rall.jpg\"><img decoding=\"async\" class=\"alignnone size-full wp-image-683\" src=\"wp-content\/uploads\/2015\/12\/orga_team_jochen_rall.jpg\" alt=\"orga_team_jochen_rall\" width=\"200\" \/><\/a><\/div>\n<div style=\"float: left;\">Jochen Rall (Gesch\u00e4ftsf\u00fchrer)<br \/>\nLeingarten<br \/>\n07131-7978998 oder 0160-92710314<br \/>\n<a href=\"wp-content\/plugins\/wso-settings\/emailjochen.php\"><span class=\"e0\">5<\/span><span class=\"e1\">jo<\/span><span class=\"e0\">2<\/span><span class=\"e1\">ch<\/span><span class=\"e2\">en<\/span><span class=\"e1\">.ra<\/span><span class=\"e0\">-<\/span><span class=\"e0\">u<\/span><span class=\"e1\">ll@<\/span><span class=\"e0\">8<\/span><span class=\"e0\">v<\/span><span class=\"e0\">c<\/span><span class=\"e0\">7<\/span><span class=\"e1\">onl<\/span><span class=\"e1\">in<\/span><span class=\"e0\">x<\/span><span class=\"e1\">e.<\/span><span class=\"e0\">,<\/span><span class=\"e0\">%<\/span><span class=\"e0\">com<\/span><span class=\"e2\">de<\/span><\/a><\/div>\n<\/div>\n<div style=\"width: 100%; clear: both;\">\n<div style=\"float: left; padding: 0px 20px 20px 0px;\"><a href=\"wp-content\/uploads\/2026\/04\/Foto-Berit.jpg\"><img decoding=\"async\" class=\"alignnone size-full wp-image-683\" src=\"wp-content\/uploads\/2026\/04\/Foto-Berit.jpg\" alt=\"vorstand_berit\" width=\"200\" \/><\/a><\/div>\n<div style=\"float: left;\">Berit Rall (Hohe Streicher)<br \/>\nHeidelberg<br \/>\n<a href=\"wp-content\/plugins\/wso-settings\/emailberit.php\"><span class=\"e2\">be<\/span><span class=\"e2\">ri<\/span><span class=\"e2\">t.r<\/span><span class=\"e0\">y<\/span><span class=\"e2\">al<\/span><span class=\"e2\">l@w<\/span><span class=\"e2\">en<\/span><span class=\"e0\">$<\/span><span class=\"e2\">dla<\/span><span class=\"e0\">s<\/span><span class=\"e0\">g<\/span><span class=\"e1\">nds<\/span><span class=\"e1\">inf<\/span><span class=\"e1\">oni<\/span><span class=\"e2\">eo<\/span><span class=\"e0\">0<\/span><span class=\"e0\">com<\/span><span class=\"e2\">rc<\/span><span class=\"e0\">9<\/span><span class=\"e1\">he<\/span><span class=\"e0\">de<\/span><span class=\"e1\">st<\/span><span class=\"e0\">k<\/span><span class=\"e1\">er.<\/span><span class=\"e0\">@<\/span><span class=\"e0\">9<\/span><span class=\"e0\">3<\/span><span class=\"e1\">de<\/span><\/a><\/div>\n<\/div>\n<div style=\"width: 100%; clear: both;\">\n<div style=\"float: left; padding: 0px 20px 20px 0px;\"><a href=\"wp-content\/uploads\/2019\/01\/arne.png\"><img decoding=\"async\" class=\"alignnone size-full wp-image-683\" src=\"wp-content\/uploads\/2019\/01\/arne.png\" alt=\"foto_arne\" width=\"200\" \/><\/a><\/div>\n<div style=\"float: left;\">Arne B\u00f6ker (Tiefe Streicher)<br \/>\nHalle<br \/>\n0178-1380987<br \/>\n<a href=\"wp-content\/plugins\/wso-settings\/emailarne.php\"><span class=\"e0\">5<\/span><span class=\"e0\">i<\/span><span class=\"e0\">4<\/span><span class=\"e1\">arn<\/span><span class=\"e0\">e<\/span><span class=\"e0\">w<\/span><span class=\"e2\">evc<\/span><span class=\"e1\">@po<\/span><span class=\"e0\">@<\/span><span class=\"e1\">ste<\/span><span class=\"e0\">:<\/span><span class=\"e0\">4<\/span><span class=\"e0\">_<\/span><span class=\"e0\">h<\/span><span class=\"e2\">o.<\/span><span class=\"e0\">:<\/span><span class=\"e0\">5<\/span><span class=\"e2\">de<\/span><\/a><\/div>\n<\/div>\n<div style=\"width: 100%; clear: both;\">\n<!--\n\n\n<div style=\"float: left; padding: 0px 20px 20px 0px;\"><a href=\"wp-content\/uploads\/2019\/06\/vorstand_ilka.jpg\"><img decoding=\"async\" class=\"alignnone size-full wp-image-683\" src=\"wp-content\/uploads\/2019\/06\/vorstand_ilka.jpg\" alt=\"vorstand_ilka\" width=\"200\" \/><\/a><\/div>\n\n\n--><\/p>\n<div style=\"float: left;\">Michaela und Gregor Langschwager (Holzbl\u00e4ser)<br \/>\nHamburg<br \/>\n<a href=\"wp-content\/plugins\/wso-settings\/emaillangschwagers.php\"><span class=\"e0\">@<\/span><span class=\"e2\">M_L<\/span><span class=\"e1\">an<\/span><span class=\"e0\">4<\/span><span class=\"e2\">gsc<\/span><span class=\"e1\">hwa<\/span><span class=\"e1\">ger<\/span><span class=\"e0\">d<\/span><span class=\"e1\">@w<\/span><span class=\"e1\">eb.<\/span><span class=\"e0\">&<\/span><span class=\"e0\">u<\/span><span class=\"e0\">8<\/span><span class=\"e0\">.<\/span><span class=\"e2\">de<\/span><span class=\"e2\">;g<\/span><span class=\"e2\">re<\/span><span class=\"e0\">3<\/span><span class=\"e0\">de<\/span><span class=\"e2\">gor<\/span><span class=\"e1\">lan<\/span><span class=\"e1\">gsc<\/span><span class=\"e1\">hwa<\/span><span class=\"e0\">p<\/span><span class=\"e2\">ge<\/span><span class=\"e0\">e<\/span><span class=\"e1\">r@w<\/span><span class=\"e1\">eb<\/span><span class=\"e0\">8<\/span><span class=\"e1\">.de<\/span><\/a><\/div>\n<\/div>\n<div style=\"width: 100%; clear: both;\">\n<div style=\"float: left; padding: 0px 20px 20px 0px;\"><a href=\"wp-content\/uploads\/2015\/12\/orga_team_silke_weddig.jpg\"><img decoding=\"async\" class=\"alignnone size-full wp-image-683\" src=\"wp-content\/uploads\/2015\/12\/orga_team_silke_weddig.jpg\" alt=\"orga_team_silke_weddig\" width=\"200\" \/><\/a><\/div>\n<div style=\"float: left;\">Silke Weddig (Blechbl\u00e4ser)<br \/>\nBraunschweig<br \/>\n0531-48273418<br \/>\n<a href=\"wp-content\/plugins\/wso-settings\/emailsilke.php\"><span class=\"e1\">sil<\/span><span class=\"e0\">.<\/span><span class=\"e0\">o<\/span><span class=\"e0\">%<\/span><span class=\"e2\">ke.<\/span><span class=\"e0\">4<\/span><span class=\"e0\">m<\/span><span class=\"e0\">,<\/span><span class=\"e0\">$<\/span><span class=\"e0\">t<\/span><span class=\"e2\">we<\/span><span class=\"e0\">s<\/span><span class=\"e1\">ddi<\/span><span class=\"e0\">9<\/span><span class=\"e2\">g@w<\/span><span class=\"e0\">6<\/span><span class=\"e1\">eb<\/span><span class=\"e0\">2<\/span><span class=\"e1\">.de<\/span><\/a><\/div>\n<\/div>\n<div style=\"width: 100%; clear: both;\">\n<div style=\"float: left; padding: 0px 20px 20px 0px;\"><a href=\"wp-content\/uploads\/2015\/12\/orga_team_johanna_schatke.jpg\"><img decoding=\"async\" class=\"alignnone size-full wp-image-683\" src=\"wp-content\/uploads\/2015\/12\/orga_team_johanna_schatke.jpg\" alt=\"orga_team_johanna_schatke\" width=\"200\" \/><\/a><\/div>\n<div style=\"float: left;\">Johanna Schatke (Sonderinstrumente)<br \/>\nBraunschweig<br \/>\n0531-12863660<br \/>\n<a href=\"wp-content\/plugins\/wso-settings\/emailjohanna.php\"><span class=\"e1\">jo<\/span><span class=\"e1\">ha<\/span><span class=\"e1\">nn<\/span><span class=\"e1\">a@<\/span><span class=\"e2\">wen<\/span><span class=\"e0\">$<\/span><span class=\"e0\">u<\/span><span class=\"e0\">d<\/span><span class=\"e2\">dl<\/span><span class=\"e0\">s<\/span><span class=\"e1\">and<\/span><span class=\"e2\">si<\/span><span class=\"e0\">3<\/span><span class=\"e2\">nfo<\/span><span class=\"e0\">de<\/span><span class=\"e0\">;<\/span><span class=\"e2\">ni<\/span><span class=\"e2\">eor<\/span><span class=\"e2\">che<\/span><span class=\"e0\">w<\/span><span class=\"e1\">st<\/span><span class=\"e1\">er<\/span><span class=\"e0\">&<\/span><span class=\"e0\">6<\/span><span class=\"e0\">5<\/span><span class=\"e0\">9<\/span><span class=\"e1\">.de<\/span><\/a><\/div>\n<\/div>\n<div style=\"width: 100%; clear: both;\">\n<div style=\"float: left; padding: 0px 20px 20px 0px;\"><a href=\"wp-content\/uploads\/2022\/12\/Reef.jpg\"><img decoding=\"async\" class=\"alignnone size-full wp-image-683\" src=\"wp-content\/uploads\/2022\/12\/Reef.jpg\" alt=\"orga_team_reef_eilers\" width=\"200\" \/><\/a><\/div>\n<div style=\"float: left;\">Reef Eilers (Webseite)<br \/>\nOldenburg<br \/>\n0179-1228934<br \/>\n<a href=\"wp-content\/plugins\/wso-settings\/emailreef.php\"><span class=\"e2\">wso<\/span><span class=\"e1\">.re<\/span><span class=\"e2\">ef@<\/span><span class=\"e0\">com<\/span><span class=\"e0\">4<\/span><span class=\"e0\">l<\/span><span class=\"e1\">eil<\/span><span class=\"e0\">&<\/span><span class=\"e0\">7<\/span><span class=\"e0\">1<\/span><span class=\"e0\">3<\/span><span class=\"e2\">e.<\/span><span class=\"e0\">b<\/span><span class=\"e0\">d<\/span><span class=\"e0\">b<\/span><span class=\"e0\">_<\/span><span class=\"e0\">de<\/span><span class=\"e1\">rs<\/span><\/a><\/div>\n<\/div>\n<\/div>\n","protected":false},"excerpt":{"rendered":"<p>Karin Brehm (1. Vorsitzende, hohe Streicher) Hannover Jochen Rall (Gesch\u00e4ftsf\u00fchrer) Leingarten 07131-7978998 oder 0160-92710314 Berit Rall (Hohe Streicher) Heidelberg Arne B\u00f6ker (Tiefe Streicher) Halle 0178-1380987 Michaela und Gregor Langschwager (Holzbl\u00e4ser) Hamburg Silke Weddig (Blechbl\u00e4ser) Braunschweig 0531-48273418 Johanna Schatke (Sonderinstrumente) Braunschweig <a class=\"more-link\" href=\"https:\/\/www.wendlandsinfonieorchester.de\/?page_id=621\">weiterlesen&#8230;<\/a><\/p>\n","protected":false},"author":27,"featured_media":0,"parent":106,"menu_order":0,"comment_status":"closed","ping_status":"closed","template":"","meta":{"footnotes":""},"class_list":["post-621","page","type-page","status-publish","hentry"],"_links":{"self":[{"href":"https:\/\/www.wendlandsinfonieorchester.de\/index.php?rest_route=\/wp\/v2\/pages\/621","targetHints":{"allow":["GET"]}}],"collection":[{"href":"https:\/\/www.wendlandsinfonieorchester.de\/index.php?rest_route=\/wp\/v2\/pages"}],"about":[{"href":"https:\/\/www.wendlandsinfonieorchester.de\/index.php?rest_route=\/wp\/v2\/types\/page"}],"author":[{"embeddable":true,"href":"https:\/\/www.wendlandsinfonieorchester.de\/index.php?rest_route=\/wp\/v2\/users\/27"}],"replies":[{"embeddable":true,"href":"https:\/\/www.wendlandsinfonieorchester.de\/index.php?rest_route=%2Fwp%2Fv2%2Fcomments&post=621"}],"version-history":[{"count":21,"href":"https:\/\/www.wendlandsinfonieorchester.de\/index.php?rest_route=\/wp\/v2\/pages\/621\/revisions"}],"predecessor-version":[{"id":10795,"href":"https:\/\/www.wendlandsinfonieorchester.de\/index.php?rest_route=\/wp\/v2\/pages\/621\/revisions\/10795"}],"up":[{"embeddable":true,"href":"https:\/\/www.wendlandsinfonieorchester.de\/index.php?rest_route=\/wp\/v2\/pages\/106"}],"wp:attachment":[{"href":"https:\/\/www.wendlandsinfonieorchester.de\/index.php?rest_route=%2Fwp%2Fv2%2Fmedia&parent=621"}],"curies":[{"name":"wp","href":"https:\/\/api.w.org\/{rel}","templated":true}]}}